et v = -603 - -1359. What is the tens digit of v?
5
Suppose -5*u + 24 = -1. Suppose 0 = -2*o + u + 1. Suppose -2*v = -v - o*s - 35, -s = -v + 31. What is the units digit of v?
9
Let b(r) = -r**2 + 10*r - 17. Let x be b(7). Let y(q) = q**3 - 2*q**2 - 4*q + 13. What is the tens digit of y(x)?
2
Suppose -8*v = -7*v + 11. Let b = 31 + v. Suppose -3*g + y + 167 = 36, b = 5*y. What is the units digit of g?
5
Let o(a) = -3*a**2 - 9*a - 5. Let b(k) = 13*k**2 + 37*k + 21. Let q(s) = 2*b(s) + 9*o(s). Let f be q(-7). What is the tens digit of (-16)/12*f - -37?
4
Suppose 0 = 5*z - 11*z. Suppose z = -c, 3*i + i = -c + 204. What is the tens digit of i?
5
Let o(d) = 133*d - 2. Let r be o(1). Suppose -q + 42 = -5*a + 261, -r = -3*a + q. What is the units digit of a?
4
Let c(i) = -i**3 + 11*i**2 + 11*i + 15. Let r be c(12). Suppose -k - r*h + 8*h = -18, 0 = k + 3*h + 14. What is the tens digit of (-10)/k*4 + 1?
2
Let d be ((-32)/10)/((-10)/25). Suppose -d*u + 144 = -96. What is the units digit of u?
0
Let a = 16 - 11. Let c be a*(-3)/12*-4. Suppose c*x - 100 = 135. What is the tens digit of x?
4
What is the hundreds digit of (-301)/(-1) - (-29 - -31)?
2
Let y be 3/(-2)*(-688)/(-12). Let i(g) = 15*g - 51. Let w be i(-5). Let s = y - w. What is the units digit of s?
0
Let t = 1170 - 364. What is the hundreds digit of t?
8
Suppose -87*j + 52087 = -97727. What is the thousands digit of j?
1
Let c(l) = -96*l**2 - 60*l**2 + 188*l**2 + 2*l + 1. What is the units digit of c(2)?
3
Let t = -246 - -1376. What is the hundreds digit of t?
1
Let w be -3 - -6 - 1 - 2. Suppose -5 + 20 = 2*t - a, w = 3*t - a - 20. Suppose -2*i - 2*b = -76, -i - 8 + 58 = t*b. What is the tens digit of i?
3
Let t = 9 + -3. Let n(q) = 4*q**2 + 13*q + 4. Let d(o) = -5*o**2 - 14*o - 5. Let s(k) = 5*d(k) + 6*n(k). What is the units digit of s(t)?
1
Let h = -14 - -17. Suppose h*t - 279 = -6*t. What is the units digit of t?
1
Let t(o) = 2*o**3 + 10*o**2 - 6. Let v be t(-7). Let i = -58 - v. What is the units digit of i?
4
Let c be (13 - 11)/((-1)/(-5)). What is the units digit of 8/3*15/c?
4
Suppose 4*j = j + 12. Let a(y) = -15*y**2 + 17 + y + j*y - 2*y - 2*y - y**3. What is the units digit of a(-15)?
2
Let v(l) be the first derivative of 4*l**3/3 + l**2 + 2*l - 7. What is the hundreds digit of v(-6)?
1
Let o(g) = -9*g - 9. Let l be o(-5). Suppose 0 = 4*f - 432 - l. Suppose -3*a + k = 4*k - f, 2*k = 0. What is the units digit of a?
9
Let j(v) = 15*v + 14. Let p = -79 - -90. What is the units digit of j(p)?
9
Let y be -4*1/(-4) + -20. Let g = y - -22. Let i(b) = -b + 4. What is the units digit of i(g)?
1
Let w(g) = 12*g - 32. Let l(q) = q**3 + 6*q**2 + 7*q + 4. Let z be l(-4). What is the units digit of w(z)?
4
What is the units digit of 1 + 0/(1 - 0) - -1667?
8
Let y(d) = 71*d**2 - 27*d + 22. What is the tens digit of y(8)?
5
Suppose 4*t + 327 = 5*q, 3*q + q - 260 = 4*t. Suppose -h + q = -2*a, -4*h = -a - 228 - 19. What is the units digit of h?
1
Suppose -4*m = 4*b + 36, -2*b - 4*m = 17 + 9. Let d(o) = 3*o**2 + 12*o + 8. What is the units digit of d(b)?
3
Let j be 6/(-9)*3/(-2)*23. Suppose j = 3*m - 2*m. What is the units digit of m?
3
Suppose -2*p + 16 = -4*u - 2, -2*u + 2*p - 8 = 0. Let f = u - -5. Suppose -k + 26 = s - f*k, -5*s - k = -138. What is the tens digit of s?
2
Suppose -30 = -49*q + 43*q. Suppose -4*o + 2*o - 5*n = -9, 3*n - 70 = -q*o. What is the tens digit of o?
1
Let n(v) = 12*v - 93. What is the tens digit of n(17)?
1
Let b = -13 - -10. Let d(u) = -38*u + 20. What is the hundreds digit of d(b)?
1
Let q(g) = 4*g - 2. Let y be q(2). Suppose d + 713 = y*d - 2*z, 427 = 3*d - z. What is the tens digit of d?
4
Let f = -118 + 610. Let g = -321 + f. What is the units digit of g?
1
Suppose -53*n + 42*n + 19349 = 0. What is the tens digit of n?
5
Suppose 3824 = 24*o - 6880. What is the tens digit of o?
4
Suppose -4*s - 4*r = -2*s + 30, 0 = -5*s - 5*r - 55. Let y(v) = 7*v**2 + 2*v - 15. What is the tens digit of y(s)?
1
Suppose -157*w - 854 = -164*w. What is the tens digit of w?
2
Suppose -555 - 109 = -8*f. Let s = 150 - f. What is the tens digit of s?
6
Let a be (323 - (-6 + (7 - 3))) + -3. What is the units digit of (a/(-21))/((-2)/12)?
2
Let l = -14 + 3. Let m = -7 - l. Suppose -z - m = -30. What is the tens digit of z?
2
Let k(d) = -246*d + 30. What is the units digit of k(-2)?
2
Suppose 3*z - 12 = -3*b, 5*z + 5 = 5*b - 15. Let x(d) = 4*d**3 + 3 + 4*d + 4 - 4*d**2 - 3*d**3. What is the tens digit of x(b)?
2
Suppose -15 = 3*a, -v + 0 = 3*a - 19. Let g be v/14 - (-42)/(-98). Suppose -48 = -g*m - 0*m. What is the units digit of m?
4
Let p(x) be the third derivative of 7*x**4/6 - 7*x**3 - 3*x**2 + 5. What is the units digit of p(11)?
6
Suppose -4*y + 3*i + 0*i + 17 = 0, 4*i = 5*y - 21. Suppose -x + 3*x = w - 3, -x + y = 0. What is the tens digit of w?
1
Suppose -h - 102 = 5*j - 25, -j - 7 = -4*h. Let b = j - -33. What is the units digit of b?
8
Let v be (3 - 1)/((-28)/(-10122)). Suppose v = -c + 4*c. Suppose 0 = -n - 4*k + 33, k - c = -4*n - n. What is the units digit of n?
9
Let c(i) = i**3 - i**2 + 2*i + 135. Let j(u) = -u - 4. Let k be j(-4). Let g be c(k). Suppose -g - 53 = -4*h. What is the tens digit of h?
4
Let m(h) = -134*h - 4. What is the hundreds digit of m(-4)?
5
Suppose 6 = 2*n + 8. What is the hundreds digit of (-70)/n*9/6?
1
Let p(z) = 11*z**2 - 4*z - 76. Let b(j) = -4*j**2 + 2*j + 25. Let f(h) = -17*b(h) - 6*p(h). What is the units digit of f(8)?
9
Suppose -3*g + 0 + 75 = -5*i, 125 = 5*g + 5*i. Let k = 17 + g. What is the tens digit of k?
4
Suppose -3*y - 36 = c, 0 = 2*c + 2*y - 0*y + 56. Let v = c - -71. What is the units digit of v?
7
Let n(l) = 81*l**2 - 3*l - 2. Let p be n(-1). Suppose 0*x - 2*x = 82. Let v = p + x. What is the tens digit of v?
4
Let r(h) = -h + 15. Let b be r(10). Suppose 0*d - 2*d = -b*k + 4, -3*d + 2*k = -5. Suppose 2*v - 30 = v + c, v = -d*c + 14. What is the units digit of v?
6
Let q be (4 - (2 + 0)) + (1 - -7). Let m = -3 + 5. Suppose -m*d + 24 + q = 0. What is the tens digit of d?
1
Suppose -40 = -0*g - 4*g. Suppose 0 = -v + 6*v + 5*b - g, -4*b - 6 = -3*v. What is the units digit of 4*v*(3 - 2)?
8
Suppose -2*c + 3443 = -z, -48*z = 5*c - 46*z - 8603. What is the units digit of c?
1
Let z = -31 - -35. Let f(g) = z - 3*g - 10 + 32. What is the units digit of f(0)?
6
Suppose -3*z = 2*d + 17, 2*d + 22 = 5*z - 3. Let s(y) = -y**2 - 18*y - 6. What is the tens digit of s(d)?
7
Let c(m) = m**3 + 6*m**2. Let l be c(-6). What is the tens digit of (-3)/(((-3)/(-78) - l)*-3)?
2
What is the tens digit of (-813 + -2)*13/((-260)/12)?
8
Let q be 4/18 - (-366)/54. Suppose -q - 33 = -4*f. Suppose -2*l = -3*l + 1, f = 4*h - 2*l. What is the units digit of h?
3
Suppose 0 = 11*y - 1755 - 775. What is the units digit of y?
0
Let j be (-1 + 3)*3/4*2. Suppose 0 = -4*v + 2*v + 8, -3*i - 2*v + 29 = 0. Suppose c - j*n + i = 28, 4*n + 38 = 2*c. What is the units digit of c?
5
Let b(f) = -590*f - 30. What is the hundreds digit of b(-2)?
1
Suppose 2*j = -3*j - 15. Let a be (0 - 1 - -2) + j. Let m = a - -27. What is the tens digit of m?
2
Let f be 12/6*(-31)/(-2). Let y be (-10)/(3/30*-2). Suppose -3*s + y + f = 0. What is the tens digit of s?
2
Suppose -24*l = -5*l - 64163. What is the thousands digit of l?
3
Suppose -o = 9 - 18. Suppose o*w - 348 = 273. What is the tens digit of w?
6
Let s(w) = -w**3 - 2*w**2 - 2*w + 1. Let q(k) = k. Let m be q(-2). Let y be s(m). What is the tens digit of 4/y*(-165)/(-6)?
2
Let g = 59 + -54. Suppose z + g*d = 85, -5*z + 378 = -z + d. What is the tens digit of z?
9
Suppose 303 = 12*x - 4005. What is the units digit of x?
9
Let o(a) = -a**2 - 2*a + 2. Let y be o(0). Suppose -2*k + 90 = -5*v + 531, -y*v + 3*k = -172. What is the units digit of v?
9
Let r(c) be the second derivative of 2*c**3/3 - 7*c**2 - 6*c. What is the tens digit of r(10)?
2
Let k(p) be the first derivative of p**2/2 + 11*p + 1. Suppose -u - 15 = 2*u. What is the units digit of k(u)?
6
Suppose 6*c + 8*c - 5348 = 0. What is the hundreds digit of c?
3
Suppose f - 8 = -2*g, 8 = 5*g - 5*f + 18. Let q(r) = 8*r - 4. What is the tens digit of q(g)?
1
What is the units digit of (-195832)/84*(-3)/2?
7
Suppose -4830 = -8*g + 346. Suppose 3*d + 0*b - 393 = b, 5*d - g = -b. What is the hu